e 7
3321140
Convert 7a6113 (base 11) to base 14.
255236
What is 42831 (base 10) in base 12?
20953
Convert 447441 (base 9) to base 4.
1001122000
What is 148997 (base 10) in base 5?
14231442
What is 9482a (base 11) in base 9?
230376
What is -a7a127 (base 13) in base 11?
-224849a
Convert 18b9a (base 14) to base 6.
1202032
Convert 11d527 (base 14) to base 8.
2255077
What is -63348 (base 11) in base 12?
-4547a
What is -d1d642 (base 15) in base 7?
-150503414
-5132333 (base 6) to base 3
-110110202210
What is 101000101100000 (base 2) in base 4?
11011200
45c19 (base 13) to base 10
127279
What is -28582d (base 16) in base 15?
-373628
Convert -1111111100110100000 (base 2) to base 8.
-1774640
Convert 4462a1 (base 11) to base 12.
2a362b
Convert -10100111100001111 (base 2) to base 10.
-85775
What is 1124545 (base 8) in base 2?
1001010100101100101
What is -302442412 (base 5) in base 3?
-2021220102222
What is 111642424 (base 7) in base 13?
1549039
What is -1011011011110101111011 (base 2) in base 14?
-580603
Convert -728299 (base 10) to base 11.
-458200
8412 (base 9) to base 3
22110102
71626 (base 8) to base 9
44527
Convert 12102001020120 (base 3) to base 8.
12756400
What is 20b30a (base 12) in base 14?
d664a
157251 (base 8) to base 13
1cc39
Convert 204729 (base 10) to base 16.
31fb9
1011002 (base 5) to base 8
37771
-1340553 (base 6) to base 9
-124356
-332684 (base 15) to base 7
-26503345
Convert 205612 (base 7) to base 9.
53781
Convert 6964 (base 16) to base 3.
1101000021
Convert -107134 (base 13) to base 10.
-386884
4ffbf (base 16) to base 2
1001111111110111111
What is -5302043 (base 6) in base 3?
-111001122000
What is -bb1091 (base 13) in base 15?
-5bdda9
Convert 11011001101011111 (base 2) to base 14.
2c891
Convert -122220221 (base 4) to base 15.
-224d2
3301311302 (base 4) to base 14
1badd8
-132122132 (base 4) to base 14
-33582
What is -120312313101 (base 4) in base 2?
-11000110110110111010001
Convert -211120012313 (base 4) to base 7.
-146165543
12d5e6 (base 15) to base 5
212441331
Convert -11121221022 (base 3) to base 6.
-1541355
-ab3837 (base 12) to base 14
-50c3b5
What is 756824 (base 9) in base 16?
6e278
-58134 (base 11) to base 8
-244053
Convert 100021100001 (base 3) to base 5.
21314434
39923 (base 11) to base 3
2220012201
Convert -689b68 (base 12) to base 11.
-a45304
Convert -12927 (base 16) to base 13.
-28818
What is 50c4d (base 15) in base 11?
165295
What is 212222220 (base 3) in base 13?
7c68
What is 197a0 (base 11) in base 14?
a09b
-121324 (base 10) to base 13
-432b8
-22312112 (base 5) to base 9
-331267
What is 101001100101010000000 (base 2) in base 7?
14403323
392a52 (base 12) to base 6
32034542
Convert e35d9d (base 15) to base 6.
1023314121
What is -11606062 (base 8) in base 6?
-130503202
What is 3036a42 (base 11) in base 4?
110132200220
Convert 220113012 (base 5) to base 7.
11001166
Convert 212200120 (base 3) to base 15.
51b3
What is 548958 (base 13) in base 16?
1e5cf7
Convert 8c076b (base 15) to base 13.
1500545
What is 1176141 (base 8) in base 15?
66c38
-36d4f (base 16) to base 3
-102102002012
What is -408a3 (base 11) in base 7?
-335615
What is 41745 (base 14) in base 15?
31b7b
5b01 (base 16) to base 12
11595
Convert -3322313 (base 5) to base 3.
-2221022222
What is 41c0d (base 14) in base 3?
22001210111
-67f0 (base 16) to base 10
-26608
110120010200 (base 3) to base 4
330112332
-1000101010110100111111 (base 2) to base 14
-4322ab
What is 4064343 (base 12) in base 9?
24644726
What is 88ac8 (base 16) in base 15?
b0d11
What is -9848 (base 11) in base 8?
-31307
Convert -111011011011110011 (base 2) to base 3.
-110100221102
30203235 (base 6) to base 15
11d9d8
6233017 (base 8) to base 12
6781a7
Convert 5265c (base 13) to base 15.
2de10
648721 (base 9) to base 4
1132132030
What is -55556511 (base 8) in base 15?
-10bad1b
Convert -103230233323 (base 4) to base 16.
-4ecbfb
Convert 32980 (base 11) to base 10.
47762
What is 34334323 (base 5) in base 7?
2424016
What is 130414130 (base 5) in base 11?
3a6925
28077 (base 16) to base 5
20221314
What is 564470 (base 9) in base 10?
337914
-6407150 (base 11) to base 2
-101011000010101001110111
Convert -23c918 (base 14) to base 10.
-1225610
What is -203213054 (base 6) in base 8?
-15324472
3386884 (base 9) to base 4
12332203000
Convert 1101010101100001 (base 2) to base 15.
112ba
What is -d7ac (base 16) in base 13?
-1c191
What is 5bec0 (base 15) in base 11?
190631
Convert 425535555 (base 6) to base 9.
15185388
What is 33220211 (base 5) in base 9?
480145
What is -44b662 (base 12) in base 6?
-35312202
Convert -40232404 (base 6) to base 11.
-70935a
Convert -121024413 (base 5) to base 10.
-564358
-1634026 (base 7) to base 15
-47441
What is -240364063 (base 7) in base 15?
-1491ccd
66772 (base 11) to base 3
11220201122
-32232 (base 7) to base 4
-1331022
Convert -12856 (base 12) to base 9.
-37763
-2421064 (base 7) to base 8
-1131005
Convert -1672ca (base 14) to base 4.
-3000122002
What is -2bb392 (base 12) in base 9?
-1355332
Convert 33033122200 (base 4) to base 10.
3995296
What is -12111403 (base 5) in base 2?
-11011101011001001
What is -1210202323 (base 4) in base 12?
-17a3b7
Convert 53070716 (base 8) to base 15.
ed381b
Convert -e08b7 (base 15) to base 9.
-1302831
Convert -22a1b8 (base 12) to base 14.
-106c44
-1343111143 (base 6) to base 9
-33743740
147d77 (base 16) to base 11
837993
Convert -640124 (base 8) to base 7.
-1545133
What is 20213312031 (base 4) in base 9?
4224566
-1079a9 (base 11) to base 12
-83360
1114334232 (base 5) to base 12
a04680
-3130310303 (base 4) to base 7
-10455011
What is 100010001001000110 (base 2) in base 10?
139846
Convert 165454 (base 12) to base 4.
1131121000
-1304434000 (base 6) to base 12
-5178900
Convert -17bba (base 14) to base 13.
-21391
What is -12537 (base 11) in base 16?
-461c
What is baf22 (base 16) in base 10?
765730
101010021020 (base 3) to base 13
6c8a0
What is -3305250 (base 6) in base 7?
-1253346
-207ec (base 16) to base 7
-1063022
What is 31027a4 (base 11) in base 16?
539bbd
328106 (base 9) to base 7
1444656
14074 (base 11) to base 8
47116
-2227223 (base 9) to base 12
-49a110
What is 12666360 (base 8) in base 10?
2845936
-697287 (base 11) to base 4
-10032130101
Convert 206314 (base 9) to base 12.
5b034
Convert 93c61a (base 15) to base 14.
d0d3ad
Convert -63a65c (base 14) to base 10.
-3370890
Convert 351847 (base 9) to base 10.
211372
1311120321 (base 4) to base 14
c7329
What is 5a0f0 (base 16) in base 10?
368880
What is 4a4043 (base 12) in base 3?
2021110022220
What is 13010230 (base 7) in base 5?
300212020
Convert 8832447 (base 10) to base 8.
41542677
313b70 (base 14) to base 5
411143444
What is 1c31 (base 16) in base 14?
28b7
-187418 (base 9) to base 15
-249db
What is -537a5 (base 16) in base 2?
-1010011011110100101
What is 7003 (base 8) in base 3?
11220212
Convert 1111100111111101001 (base 2) to base 7.
4231434
What is -76b59b (base 13) in base 3?
-12021000210011
Convert -1140001 (base 7) to base 11.
-99265
What is 61867 (base 10) in base 6?
1154231
-1dadb2 (base 15) to base 3
-2201212222112
Convert 21323212131 (base 4) to base 13.
701cb2
-680df (base 16) to base 11
-271241
100000011010110011 (base 2) to base 9
222131
Convert 1001041320 (base 5) to base 14.
394668
What is 113433413 (base 5) in base 10?
530483
Convert 21022011221021 (base 3) to base 14.
7305ad
What is 4100120 (base 5) in base 14?
19d00
-10010100111011111111 (base 2) to base 13
-184899
1431432413 (base 5) to base 14
705978
-1011110111001010001 (base 2) to base 9
-652156
Convert -131a884 (base 11) to base 14.
-436393
Convert -11200011001220 (base 3) to base 5.
-1113424100
-241434 (base 6) to base 7
-115366
-3517a (base 13) to base 8
-275252
What is 149a81b (base 13) in base 12?
225b048
What is 100101011011100011 (base 2) in base 16?
256e3
What is 3247260 (base 12) in base 8?
44336250
Convert -2c663 (base 15) to base 6.
-3022533
Convert c74878 (base 15) to base 4.
210023000300
-90ab3 (base 15) to base 8
-1576473
1101100001111111101 (base 2) to base 6
13300421
Convert -122220213013 (base 4) to base 15.
-92db77
1122220001201 (base 3) to base 12
36740a
Convert 32482 (base 9) to base 8.
52043
What is 40400004 (base 5) in base 14?
86628
What is 152010 (base 10) in base 14?
3d57c
-11011001011100001 (base 2) to bas